{"id":203,"date":"2017-11-13T09:45:02","date_gmt":"2017-11-13T08:45:02","guid":{"rendered":"http:\/\/casfc.fr\/"},"modified":"2026-02-13T17:14:50","modified_gmt":"2026-02-13T16:14:50","slug":"accueil","status":"publish","type":"page","link":"https:\/\/casfc.fr\/","title":{"rendered":"Accueil"},"content":{"rendered":"\t\t<div data-elementor-type=\"wp-page\" data-elementor-id=\"203\" class=\"elementor elementor-203\">\n\t\t\t\t\t\t<section class=\"elementor-section elementor-top-section elementor-element elementor-element-3cb7991 elementor-section-boxed elementor-section-height-default elementor-section-height-default\" data-id=\"3cb7991\" data-element_type=\"section\" data-e-type=\"section\">\n\t\t\t\t\t\t<div class=\"elementor-container elementor-column-gap-default\">\n\t\t\t\t\t<div class=\"elementor-column elementor-col-100 elementor-top-column elementor-element elementor-element-b083df7\" data-id=\"b083df7\" data-element_type=\"column\" data-e-type=\"column\">\n\t\t\t<div class=\"elementor-widget-wrap elementor-element-populated\">\n\t\t\t\t\t\t<div class=\"elementor-element elementor-element-8b64e65 elementor-invisible elementor-widget elementor-widget-heading\" data-id=\"8b64e65\" data-element_type=\"widget\" data-e-type=\"widget\" data-settings=\"{&quot;_animation&quot;:&quot;fadeInRight&quot;}\" data-widget_type=\"heading.default\">\n\t\t\t\t<div class=\"elementor-widget-container\">\n\t\t\t\t\t<h2 class=\"elementor-heading-title elementor-size-default\">Le CASFC ... 50 ans d'actions<br><br><\/h2>\t\t\t\t<\/div>\n\t\t\t\t<\/div>\n\t\t\t\t\t<\/div>\n\t\t<\/div>\n\t\t\t\t\t<\/div>\n\t\t<\/section>\n\t\t\t\t<section class=\"elementor-section elementor-top-section elementor-element elementor-element-fc01b09 elementor-section-boxed elementor-section-height-default elementor-section-height-default\" data-id=\"fc01b09\" data-element_type=\"section\" data-e-type=\"section\">\n\t\t\t\t\t\t<div class=\"elementor-container elementor-column-gap-default\">\n\t\t\t\t\t<div class=\"elementor-column elementor-col-100 elementor-top-column elementor-element elementor-element-d990df0\" data-id=\"d990df0\" data-element_type=\"column\" data-e-type=\"column\">\n\t\t\t<div class=\"elementor-widget-wrap elementor-element-populated\">\n\t\t\t\t\t\t<div class=\"elementor-element elementor-element-e66548c elementor-widget__width-initial elementor-widget elementor-widget-text-editor\" data-id=\"e66548c\" data-element_type=\"widget\" data-e-type=\"widget\" data-widget_type=\"text-editor.default\">\n\t\t\t\t<div class=\"elementor-widget-container\">\n\t\t\t\t\t\t\t\t\t<p>\u00a0<\/p><div id=\"metaslider-id-3134\" style=\"width: 100%; margin: 0 auto;\" class=\"ml-slider-3-108-0 metaslider metaslider-flex metaslider-3134 ml-slider has-dots-nav has-carousel-mode ms-theme-default-base\" role=\"region\" aria-label=\"Nouveau diaporama\" data-height=\"1800\" data-width=\"1300\">\n    <div id=\"metaslider_container_3134\">\n        <div id=\"metaslider_3134\">\n            <ul class='slides'>\n                <li style=\"display: none; width: 100%;\" class=\"slide-3249 ms-image \" aria-roledescription=\"slide\" data-date=\"2025-09-08 16:39:57\" data-filename=\"EXPO-CASFC-50-ans-1300x1800.jpg\" data-slide-type=\"image\"><img fetchpriority=\"high\" decoding=\"async\" src=\"https:\/\/casfc.fr\/wp-content\/uploads\/2025\/09\/EXPO-CASFC-50-ans-1300x1800.jpg\" height=\"1800\" width=\"1300\" alt=\"\" class=\"slider-3134 slide-3249 msDefaultImage\" title=\"EXPO CASFC 50 ans\" \/><\/li>\n                <li style=\"display: none; width: 100%;\" class=\"slide-3248 ms-image \" aria-roledescription=\"slide\" data-date=\"2025-09-08 16:39:57\" data-filename=\"EXPO-CASFC-50-ans2-1300x1800.jpg\" data-slide-type=\"image\"><img decoding=\"async\" src=\"https:\/\/casfc.fr\/wp-content\/uploads\/2025\/09\/EXPO-CASFC-50-ans2-1300x1800.jpg\" height=\"1800\" width=\"1300\" alt=\"\" class=\"slider-3134 slide-3248 msDefaultImage\" title=\"EXPO CASFC 50 ans2\" \/><\/li>\n                <li style=\"display: none; width: 100%;\" class=\"slide-3247 ms-image \" aria-roledescription=\"slide\" data-date=\"2025-09-08 16:39:57\" data-filename=\"EXPO-CASFC-50-ans3-1300x1800.jpg\" data-slide-type=\"image\"><img decoding=\"async\" src=\"https:\/\/casfc.fr\/wp-content\/uploads\/2025\/09\/EXPO-CASFC-50-ans3-1300x1800.jpg\" height=\"1800\" width=\"1300\" alt=\"\" class=\"slider-3134 slide-3247 msDefaultImage\" title=\"EXPO CASFC 50 ans3\" \/><\/li>\n                <li style=\"display: none; width: 100%;\" class=\"slide-3246 ms-image \" aria-roledescription=\"slide\" data-date=\"2025-09-08 16:39:57\" data-filename=\"EXPO-CASFC-50-ans4-1300x1800.jpg\" data-slide-type=\"image\"><img loading=\"lazy\" decoding=\"async\" src=\"https:\/\/casfc.fr\/wp-content\/uploads\/2025\/09\/EXPO-CASFC-50-ans4-1300x1800.jpg\" height=\"1800\" width=\"1300\" alt=\"\" class=\"slider-3134 slide-3246 msDefaultImage\" title=\"EXPO CASFC 50 ans4\" \/><\/li>\n                <li style=\"display: none; width: 100%;\" class=\"slide-3245 ms-image \" aria-roledescription=\"slide\" data-date=\"2025-09-08 16:39:57\" data-filename=\"EXPO-CASFC-50-ans5-1300x1800.jpg\" data-slide-type=\"image\"><img loading=\"lazy\" decoding=\"async\" src=\"https:\/\/casfc.fr\/wp-content\/uploads\/2025\/09\/EXPO-CASFC-50-ans5-1300x1800.jpg\" height=\"1800\" width=\"1300\" alt=\"\" class=\"slider-3134 slide-3245 msDefaultImage\" title=\"EXPO CASFC 50 ans5\" \/><\/li>\n                <li style=\"display: none; width: 100%;\" class=\"slide-3244 ms-image \" aria-roledescription=\"slide\" data-date=\"2025-09-08 16:39:57\" data-filename=\"EXPO-CASFC-50-ans6-1300x1800.jpg\" data-slide-type=\"image\"><img loading=\"lazy\" decoding=\"async\" src=\"https:\/\/casfc.fr\/wp-content\/uploads\/2025\/09\/EXPO-CASFC-50-ans6-1300x1800.jpg\" height=\"1800\" width=\"1300\" alt=\"\" class=\"slider-3134 slide-3244 msDefaultImage\" title=\"EXPO CASFC 50 ans6\" \/><\/li>\n                <li style=\"display: none; width: 100%;\" class=\"slide-3243 ms-image \" aria-roledescription=\"slide\" data-date=\"2025-09-08 16:39:56\" data-filename=\"EXPO-CASFC-50-ans7-1300x1800.jpg\" data-slide-type=\"image\"><img loading=\"lazy\" decoding=\"async\" src=\"https:\/\/casfc.fr\/wp-content\/uploads\/2025\/09\/EXPO-CASFC-50-ans7-1300x1800.jpg\" height=\"1800\" width=\"1300\" alt=\"\" class=\"slider-3134 slide-3243 msDefaultImage\" title=\"EXPO CASFC 50 ans7\" \/><\/li>\n                <li style=\"display: none; width: 100%;\" class=\"slide-3242 ms-image \" aria-roledescription=\"slide\" data-date=\"2025-09-08 16:39:56\" data-filename=\"EXPO-CASFC-50-ans8-1300x1800.jpg\" data-slide-type=\"image\"><img loading=\"lazy\" decoding=\"async\" src=\"https:\/\/casfc.fr\/wp-content\/uploads\/2025\/09\/EXPO-CASFC-50-ans8-1300x1800.jpg\" height=\"1800\" width=\"1300\" alt=\"\" class=\"slider-3134 slide-3242 msDefaultImage\" title=\"EXPO CASFC 50 ans8\" \/><\/li>\n                <li style=\"display: none; width: 100%;\" class=\"slide-3241 ms-image \" aria-roledescription=\"slide\" data-date=\"2025-09-08 16:39:56\" data-filename=\"EXPO-CASFC-50-ans10-1300x1800.jpg\" data-slide-type=\"image\"><img loading=\"lazy\" decoding=\"async\" src=\"https:\/\/casfc.fr\/wp-content\/uploads\/2025\/09\/EXPO-CASFC-50-ans10-1300x1800.jpg\" height=\"1800\" width=\"1300\" alt=\"\" class=\"slider-3134 slide-3241 msDefaultImage\" title=\"EXPO CASFC 50 ans10\" \/><\/li>\n                <li style=\"display: none; width: 100%;\" class=\"slide-3240 ms-image \" aria-roledescription=\"slide\" data-date=\"2025-09-08 16:39:56\" data-filename=\"EXPO-CASFC-50-ans9-1300x1800.jpg\" data-slide-type=\"image\"><img loading=\"lazy\" decoding=\"async\" src=\"https:\/\/casfc.fr\/wp-content\/uploads\/2025\/09\/EXPO-CASFC-50-ans9-1300x1800.jpg\" height=\"1800\" width=\"1300\" alt=\"\" class=\"slider-3134 slide-3240 msDefaultImage\" title=\"EXPO CASFC 50 ans9\" \/><\/li>\n                <li style=\"display: none; width: 100%;\" class=\"slide-3239 ms-image \" aria-roledescription=\"slide\" data-date=\"2025-09-08 16:39:56\" data-filename=\"EXPO-CASFC-50-ans11-1300x1800.jpg\" data-slide-type=\"image\"><img loading=\"lazy\" decoding=\"async\" src=\"https:\/\/casfc.fr\/wp-content\/uploads\/2025\/09\/EXPO-CASFC-50-ans11-1300x1800.jpg\" height=\"1800\" width=\"1300\" alt=\"\" class=\"slider-3134 slide-3239 msDefaultImage\" title=\"EXPO CASFC 50 ans11\" \/><\/li>\n                <li style=\"display: none; width: 100%;\" class=\"slide-3238 ms-image \" aria-roledescription=\"slide\" data-date=\"2025-09-08 16:39:56\" data-filename=\"EXPO-CASFC-50-ans12-1300x1800.jpg\" data-slide-type=\"image\"><img loading=\"lazy\" decoding=\"async\" src=\"https:\/\/casfc.fr\/wp-content\/uploads\/2025\/09\/EXPO-CASFC-50-ans12-1300x1800.jpg\" height=\"1800\" width=\"1300\" alt=\"\" class=\"slider-3134 slide-3238 msDefaultImage\" title=\"EXPO CASFC 50 ans12\" \/><\/li>\n                <li style=\"display: none; width: 100%;\" class=\"slide-3237 ms-image \" aria-roledescription=\"slide\" data-date=\"2025-09-08 16:39:56\" data-filename=\"EXPO-CASFC-50-ans13-1300x1800.jpg\" data-slide-type=\"image\"><img loading=\"lazy\" decoding=\"async\" src=\"https:\/\/casfc.fr\/wp-content\/uploads\/2025\/09\/EXPO-CASFC-50-ans13-1300x1800.jpg\" height=\"1800\" width=\"1300\" alt=\"\" class=\"slider-3134 slide-3237 msDefaultImage\" title=\"EXPO CASFC 50 ans13\" \/><\/li>\n                <li style=\"display: none; width: 100%;\" class=\"slide-3236 ms-image \" aria-roledescription=\"slide\" data-date=\"2025-09-08 16:39:56\" data-filename=\"EXPO-CASFC-50-ans14-1300x1800.jpg\" data-slide-type=\"image\"><img loading=\"lazy\" decoding=\"async\" src=\"https:\/\/casfc.fr\/wp-content\/uploads\/2025\/09\/EXPO-CASFC-50-ans14-1300x1800.jpg\" height=\"1800\" width=\"1300\" alt=\"\" class=\"slider-3134 slide-3236 msDefaultImage\" title=\"EXPO CASFC 50 ans14\" \/><\/li>\n                <li style=\"display: none; width: 100%;\" class=\"slide-3235 ms-image \" aria-roledescription=\"slide\" data-date=\"2025-09-08 16:39:56\" data-filename=\"EXPO-CASFC-50-ans16-1300x1800.jpg\" data-slide-type=\"image\"><img loading=\"lazy\" decoding=\"async\" src=\"https:\/\/casfc.fr\/wp-content\/uploads\/2025\/09\/EXPO-CASFC-50-ans16-1300x1800.jpg\" height=\"1800\" width=\"1300\" alt=\"\" class=\"slider-3134 slide-3235 msDefaultImage\" title=\"EXPO CASFC 50 ans16\" \/><\/li>\n                <li style=\"display: none; width: 100%;\" class=\"slide-3234 ms-image \" aria-roledescription=\"slide\" data-date=\"2025-09-08 16:39:56\" data-filename=\"EXPO-CASFC-50-ans15-1300x1800.jpg\" data-slide-type=\"image\"><img loading=\"lazy\" decoding=\"async\" src=\"https:\/\/casfc.fr\/wp-content\/uploads\/2025\/09\/EXPO-CASFC-50-ans15-1300x1800.jpg\" height=\"1800\" width=\"1300\" alt=\"\" class=\"slider-3134 slide-3234 msDefaultImage\" title=\"EXPO CASFC 50 ans15\" \/><\/li>\n                <li style=\"display: none; width: 100%;\" class=\"slide-3233 ms-image \" aria-roledescription=\"slide\" data-date=\"2025-09-08 16:39:56\" data-filename=\"EXPO-CASFC-50-ans17-1300x1800.jpg\" data-slide-type=\"image\"><img loading=\"lazy\" decoding=\"async\" src=\"https:\/\/casfc.fr\/wp-content\/uploads\/2025\/09\/EXPO-CASFC-50-ans17-1300x1800.jpg\" height=\"1800\" width=\"1300\" alt=\"\" class=\"slider-3134 slide-3233 msDefaultImage\" title=\"EXPO CASFC 50 ans17\" \/><\/li>\n            <\/ul>\n        <\/div>\n        \n    <\/div>\n<\/div><p>\u00a0<\/p>\t\t\t\t\t\t\t\t<\/div>\n\t\t\t\t<\/div>\n\t\t\t\t\t<\/div>\n\t\t<\/div>\n\t\t\t\t\t<\/div>\n\t\t<\/section>\n\t\t\t\t<section class=\"elementor-section elementor-top-section elementor-element elementor-element-ce2b04f elementor-section-boxed elementor-section-height-default elementor-section-height-default\" data-id=\"ce2b04f\" data-element_type=\"section\" data-e-type=\"section\">\n\t\t\t\t\t\t<div class=\"elementor-container elementor-column-gap-default\">\n\t\t\t\t\t<div class=\"elementor-column elementor-col-100 elementor-top-column elementor-element elementor-element-31af834\" data-id=\"31af834\" data-element_type=\"column\" data-e-type=\"column\">\n\t\t\t<div class=\"elementor-widget-wrap elementor-element-populated\">\n\t\t\t\t\t\t<div class=\"elementor-element elementor-element-f4fd260 elementor-widget elementor-widget-image\" data-id=\"f4fd260\" data-element_type=\"widget\" data-e-type=\"widget\" data-widget_type=\"image.default\">\n\t\t\t\t<div class=\"elementor-widget-container\">\n\t\t\t\t\t\t\t\t\t\t\t\t\t\t\t<img loading=\"lazy\" decoding=\"async\" width=\"269\" height=\"147\" src=\"https:\/\/casfc.fr\/wp-content\/uploads\/2025\/05\/etoiles.jpg\" class=\"attachment-large size-large wp-image-3119\" alt=\"\" \/>\t\t\t\t\t\t\t\t\t\t\t\t\t\t\t<\/div>\n\t\t\t\t<\/div>\n\t\t\t\t\t<\/div>\n\t\t<\/div>\n\t\t\t\t\t<\/div>\n\t\t<\/section>\n\t\t\t\t<section class=\"elementor-section elementor-top-section elementor-element elementor-element-e10c0ca elementor-section-boxed elementor-section-height-default elementor-section-height-default\" data-id=\"e10c0ca\" data-element_type=\"section\" data-e-type=\"section\">\n\t\t\t\t\t\t<div class=\"elementor-container elementor-column-gap-default\">\n\t\t\t\t\t<div class=\"elementor-column elementor-col-100 elementor-top-column elementor-element elementor-element-c4eddf8\" data-id=\"c4eddf8\" data-element_type=\"column\" data-e-type=\"column\">\n\t\t\t<div class=\"elementor-widget-wrap elementor-element-populated\">\n\t\t\t\t\t\t<div class=\"elementor-element elementor-element-8fa212f elementor-widget elementor-widget-image\" data-id=\"8fa212f\" data-element_type=\"widget\" data-e-type=\"widget\" data-widget_type=\"image.default\">\n\t\t\t\t<div class=\"elementor-widget-container\">\n\t\t\t\t\t\t\t\t\t\t\t\t\t\t\t<img loading=\"lazy\" decoding=\"async\" width=\"870\" height=\"1024\" src=\"https:\/\/casfc.fr\/wp-content\/uploads\/2025\/09\/EXPO-CASFC-50-ans-infographie-870x1024.jpg\" class=\"attachment-large size-large wp-image-3250\" alt=\"\" srcset=\"https:\/\/casfc.fr\/wp-content\/uploads\/2025\/09\/EXPO-CASFC-50-ans-infographie-870x1024.jpg 870w, https:\/\/casfc.fr\/wp-content\/uploads\/2025\/09\/EXPO-CASFC-50-ans-infographie-255x300.jpg 255w, https:\/\/casfc.fr\/wp-content\/uploads\/2025\/09\/EXPO-CASFC-50-ans-infographie-768x904.jpg 768w\" sizes=\"(max-width: 870px) 100vw, 870px\" \/>\t\t\t\t\t\t\t\t\t\t\t\t\t\t\t<\/div>\n\t\t\t\t<\/div>\n\t\t\t\t\t<\/div>\n\t\t<\/div>\n\t\t\t\t\t<\/div>\n\t\t<\/section>\n\t\t\t\t<section class=\"elementor-section elementor-top-section elementor-element elementor-element-a6236a2 elementor-section-boxed elementor-section-height-default elementor-section-height-default\" data-id=\"a6236a2\" data-element_type=\"section\" data-e-type=\"section\">\n\t\t\t\t\t\t<div class=\"elementor-container elementor-column-gap-default\">\n\t\t\t\t\t<div class=\"elementor-column elementor-col-100 elementor-top-column elementor-element elementor-element-73ca16c\" data-id=\"73ca16c\" data-element_type=\"column\" data-e-type=\"column\">\n\t\t\t<div class=\"elementor-widget-wrap elementor-element-populated\">\n\t\t\t\t\t\t<div class=\"elementor-element elementor-element-e7a2ac0 elementor-widget elementor-widget-text-editor\" data-id=\"e7a2ac0\" data-element_type=\"widget\" data-e-type=\"widget\" data-widget_type=\"text-editor.default\">\n\t\t\t\t<div class=\"elementor-widget-container\">\n\t\t\t\t\t\t\t\t\t<p>Le CASFC apporte depuis plusieurs d\u00e9cennies un service visant \u00e0 l&rsquo;insertion sociale et professionnelle des personnes qu&rsquo;il accueille. Avec 60 personnes sous contrat, le CASFC a longtemps \u00e9t\u00e9 l&rsquo;un des principaux employeurs disposant d&rsquo;un centre de d\u00e9cision local sur le bassin d&#8217;emploi de Rambervillers.<\/p>\t\t\t\t\t\t\t\t<\/div>\n\t\t\t\t<\/div>\n\t\t\t\t\t<\/div>\n\t\t<\/div>\n\t\t\t\t\t<\/div>\n\t\t<\/section>\n\t\t\t\t<section class=\"elementor-section elementor-top-section elementor-element elementor-element-22caf0ce elementor-section-boxed elementor-section-height-default elementor-section-height-default\" data-id=\"22caf0ce\" data-element_type=\"section\" data-e-type=\"section\">\n\t\t\t\t\t\t<div class=\"elementor-container elementor-column-gap-default\">\n\t\t\t\t\t<div class=\"elementor-column elementor-col-100 elementor-top-column elementor-element elementor-element-3537e5c1\" data-id=\"3537e5c1\" data-element_type=\"column\" data-e-type=\"column\">\n\t\t\t<div class=\"elementor-widget-wrap elementor-element-populated\">\n\t\t\t\t\t\t<div class=\"elementor-element elementor-element-165eb768 elementor-widget elementor-widget-text-editor\" data-id=\"165eb768\" data-element_type=\"widget\" data-e-type=\"widget\" data-widget_type=\"text-editor.default\">\n\t\t\t\t<div class=\"elementor-widget-container\">\n\t\t\t\t\t\t\t\t\t<h4 style=\"text-align: center;\">Le Centre d&rsquo;Activit\u00e9s Sociales, Familiales et culturelles.<\/h4><p>Le CASFC a pour objectif de\u00a0<span style=\"background-color: transparent;\">cr\u00e9er, d\u00e9velopper et g\u00e9rer toute action s&rsquo;inscrivant\u00a0<\/span><span style=\"color: var( --e-global-color-text ); font-family: var( --e-global-typography-text-font-family ), Sans-serif; font-weight: var( --e-global-typography-text-font-weight ); background-color: transparent; letter-spacing: 0px;\">dans le champ des politiques sociales ou m\u00e9dicosociales\u00a0<\/span><span style=\"color: var( --e-global-color-text ); font-family: var( --e-global-typography-text-font-family ), Sans-serif; font-weight: var( --e-global-typography-text-font-weight ); background-color: transparent; letter-spacing: 0px;\">et permettant de contribuer \u00e0 l&rsquo;am\u00e9lioration\u00a0<\/span><span style=\"color: var( --e-global-color-text ); font-family: var( --e-global-typography-text-font-family ), Sans-serif; font-weight: var( --e-global-typography-text-font-weight ); background-color: transparent; letter-spacing: 0px;\">des conditions d&rsquo;existence des familles et des\u00a0<\/span><span style=\"color: var( --e-global-color-text ); font-family: var( --e-global-typography-text-font-family ), Sans-serif; font-weight: var( --e-global-typography-text-font-weight ); background-color: transparent; letter-spacing: 0px;\">personnes confront\u00e9es \u00e0 des difficult\u00e9s temporaires\u00a0<\/span><span style=\"color: var( --e-global-color-text ); font-family: var( --e-global-typography-text-font-family ), Sans-serif; font-weight: var( --e-global-typography-text-font-weight ); background-color: transparent; letter-spacing: 0px;\">ou durables dans le respect de leur dignit\u00e9 et avec\u00a0<\/span><span style=\"color: var( --e-global-color-text ); font-family: var( --e-global-typography-text-font-family ), Sans-serif; font-weight: var( --e-global-typography-text-font-weight ); background-color: transparent; letter-spacing: 0px;\">la volont\u00e9 de valoriser les potentialit\u00e9s de chacune\u00a0<\/span><span style=\"color: var( --e-global-color-text ); font-family: var( --e-global-typography-text-font-family ), Sans-serif; font-weight: var( --e-global-typography-text-font-weight ); background-color: transparent; letter-spacing: 0px;\">d&rsquo;entre-elles pour leur permettre d&rsquo;acc\u00e9der \u00e0 des\u00a0<\/span><span style=\"color: var( --e-global-color-text ); font-family: var( --e-global-typography-text-font-family ), Sans-serif; font-weight: var( --e-global-typography-text-font-weight ); background-color: transparent; letter-spacing: 0px;\">conditions de vie promotionnelles et d&rsquo;\u00eatre actrices\u00a0<\/span><span style=\"color: var( --e-global-color-text ); font-family: var( --e-global-typography-text-font-family ), Sans-serif; font-weight: var( --e-global-typography-text-font-weight ); background-color: transparent; letter-spacing: 0px;\">de leurs devenirs, d&rsquo;\u00eatre \u00e0 l&rsquo;\u00e9coute des probl\u00e8mes\u00a0<\/span><span style=\"color: var( --e-global-color-text ); font-family: var( --e-global-typography-text-font-family ), Sans-serif; font-weight: var( --e-global-typography-text-font-weight ); background-color: transparent; letter-spacing: 0px;\">sociaux, familiaux ou culturels qui se pr\u00e9sentent,\u00a0<\/span><span style=\"color: var( --e-global-color-text ); font-family: var( --e-global-typography-text-font-family ), Sans-serif; font-weight: var( --e-global-typography-text-font-weight ); background-color: transparent; letter-spacing: 0px;\">s&rsquo;int\u00e9resser \u00e0 ce qui a trait \u00e0 la vie \u00e9conomique,\u00a0<\/span><span style=\"color: var( --e-global-color-text ); font-family: var( --e-global-typography-text-font-family ), Sans-serif; font-weight: var( --e-global-typography-text-font-weight ); background-color: transparent; letter-spacing: 0px;\">sociale, familiale ou culturelle et de tenter d&rsquo;y\u00a0<\/span><span style=\"color: var( --e-global-color-text ); font-family: var( --e-global-typography-text-font-family ), Sans-serif; font-weight: var( --e-global-typography-text-font-weight ); background-color: transparent; letter-spacing: 0px;\">r\u00e9pondre, conform\u00e9ment aux origines de sa\u00a0<\/span><span style=\"color: var( --e-global-color-text ); font-family: var( --e-global-typography-text-font-family ), Sans-serif; font-weight: var( --e-global-typography-text-font-weight ); background-color: transparent; letter-spacing: 0px;\">cr\u00e9ation, l&rsquo;association continuera \u00e0 mener des\u00a0<\/span><span style=\"color: var( --e-global-color-text ); font-family: var( --e-global-typography-text-font-family ), Sans-serif; font-weight: var( --e-global-typography-text-font-weight ); background-color: transparent; letter-spacing: 0px;\">actions soutenues en faveur des personnes victimes\u00a0<\/span><span style=\"color: var( --e-global-color-text ); font-family: var( --e-global-typography-text-font-family ), Sans-serif; font-weight: var( --e-global-typography-text-font-weight ); background-color: transparent; letter-spacing: 0px;\">notamment intrafamiliales.<\/span><\/p><p>24, rue Aristide Briand<\/p><p>88700 Rambervillers<\/p><p><strong style=\"color: var( --e-global-color-text ); font-family: var( --e-global-typography-text-font-family ), Sans-serif; background-color: transparent; letter-spacing: 0px;\"><a href=\"https:\/\/www.casfc.fr\/pole-rsa\/\">Le P\u00f4le RSA<\/a> :<\/strong><\/p><p>Pr\u00e9voit un accompagnement pour tous les b\u00e9n\u00e9ficiaires du RSA.<\/p>\t\t\t\t\t\t\t\t<\/div>\n\t\t\t\t<\/div>\n\t\t\t\t\t<\/div>\n\t\t<\/div>\n\t\t\t\t\t<\/div>\n\t\t<\/section>\n\t\t\t\t<\/div>\n\t\t","protected":false},"excerpt":{"rendered":"<p>Le CASFC &#8230; 50 ans d&rsquo;actions \u00a0 \u00a0 Le CASFC apporte depuis plusieurs d\u00e9cennies un service visant \u00e0 l&rsquo;insertion sociale et professionnelle des personnes qu&rsquo;il accueille. Avec 60 personnes sous contrat, le CASFC a longtemps \u00e9t\u00e9 l&rsquo;un des principaux employeurs disposant d&rsquo;un centre de d\u00e9cision local sur le bassin d&#8217;emploi de Rambervillers. Le Centre d&rsquo;Activit\u00e9s [&hellip;]<\/p>\n","protected":false},"author":1,"featured_media":0,"parent":0,"menu_order":0,"comment_status":"closed","ping_status":"closed","template":"","meta":{"footnotes":""},"class_list":["post-203","page","type-page","status-publish","hentry","entry"],"_links":{"self":[{"href":"https:\/\/casfc.fr\/index.php\/wp-json\/wp\/v2\/pages\/203","targetHints":{"allow":["GET"]}}],"collection":[{"href":"https:\/\/casfc.fr\/index.php\/wp-json\/wp\/v2\/pages"}],"about":[{"href":"https:\/\/casfc.fr\/index.php\/wp-json\/wp\/v2\/types\/page"}],"author":[{"embeddable":true,"href":"https:\/\/casfc.fr\/index.php\/wp-json\/wp\/v2\/users\/1"}],"replies":[{"embeddable":true,"href":"https:\/\/casfc.fr\/index.php\/wp-json\/wp\/v2\/comments?post=203"}],"version-history":[{"count":96,"href":"https:\/\/casfc.fr\/index.php\/wp-json\/wp\/v2\/pages\/203\/revisions"}],"predecessor-version":[{"id":3339,"href":"https:\/\/casfc.fr\/index.php\/wp-json\/wp\/v2\/pages\/203\/revisions\/3339"}],"wp:attachment":[{"href":"https:\/\/casfc.fr\/index.php\/wp-json\/wp\/v2\/media?parent=203"}],"curies":[{"name":"wp","href":"https:\/\/api.w.org\/{rel}","templated":true}]}}